t is the tens digit of f?
3
Let t(a) = 36*a**3 - a**2. Suppose -3*i = -2*s + 17, 3*s = -3*i - 21 + 9. What is the tens digit of t(s)?
3
Let p = 361 - -145. What is the units digit of p?
6
Suppose 9 + 19 = -4*c - 4*a, 3*c = -5*a - 15. Let b = 5 - -16. Let y = c + b. What is the units digit of y?
1
Let b = -90 + 165. Let u = b + -36. What is the units digit of u?
9
Let p(u) = -7*u - 11. Let y(k) = -22*k - 34. Let j(x) = -16*p(x) + 5*y(x). Let o(n) = -1. Let t(c) = j(c) + o(c). What is the units digit of t(9)?
3
Suppose 3483 = 2*q - 543. What is the units digit of q?
3
Suppose -2*k + 40 = 3*k + 3*a, 2*k + a - 16 = 0. Suppose k = -4*b + 20. Suppose -16 = 4*r, 3*v + b - 58 = -2*r. What is the units digit of v?
1
Let d(v) = -v + 13. Let i be d(6). Suppose -2*m = -2*h - 8, -3*h = i - 4. Suppose b + 92 = 6*a - m*a, -14 = -a - 3*b. What is the tens digit of a?
2
Suppose 3*i - 11 = 2*f, -1 = i - 3*f - 0*f. Let s = i + 5. What is the units digit of s?
0
Let l be (-123)/(-11) + (-18)/99. Let f(t) = t**2 - 12*t + 11. Let h be f(l). Suppose 0 = -h*i + 5*i - 125. What is the units digit of i?
5
Let v(r) = r**2 + 15*r + 7. Let c be v(-15). Suppose -45 + c = -2*b. What is the tens digit of b?
1
Let q(x) = 56*x - 14. Let l be q(4). Let f = 295 - l. What is the tens digit of f?
8
Suppose -2*b - 5 = -1. Let a = b - -4. Suppose -a*k = 2*k - 4. What is the units digit of k?
1
What is the hundreds digit of ((-42)/(-49))/(1/(1 + 958))?
8
Let w be 80/16 + (-3 - 0). Suppose -w*x = 2*g - 4, 1 = x + 4*g + 5. Suppose -3*k - k + 24 = a, x*k - 16 = 0. What is the units digit of a?
8
Suppose -5*v = -15, -3*v + 123 = 2*o - 2*v. Let u be (-5)/2*20/(-25). Suppose -195 = -5*g - 5*j, u*g - 4*j - o = -6. What is the tens digit of g?
3
Let p(u) = u**3 - 9*u**2 + 7*u + 8. Let v be p(8). Suppose a + v*x - 306 = -3*x, 4*x = -5*a + 1541. What is the units digit of a?
9
Suppose 6 - 36 = c + 5*h, -5*h = 25. Let v be 4/14 - 108/(-14). Let u = c + v. What is the units digit of u?
3
Let w(i) = -2*i**2 - i + 4. Let u be w(-2). What is the units digit of 1/u - (-12)/8?
1
Let i = -395 - -699. Suppose -5*f + i = 9. What is the units digit of f?
9
Let q(d) = -d + 7. Let i(c) = -4*c + 21. Let k(o) = 2*i(o) - 7*q(o). Let t be k(5). Let v(f) = -f**2 - 15*f - 5. What is the tens digit of v(t)?
3
Let i = 30 - 27. Suppose 3*r - 3*a = 189, -5*r - i*a - a = -324. What is the units digit of r?
4
Let n(q) = -q**2 + 5*q - 2. Let b be n(4). Let k be (-2466)/(-45) + b/10. Suppose -3*i + k = -32. What is the tens digit of i?
2
Let t = -4 - -3. Let u be 4/((0 - 2)*t). Suppose 4*o + 36 = 2*z + 3*o, u*z + 3*o = 44. What is the units digit of z?
9
Suppose -43*l + 486 = -417. What is the units digit of l?
1
Let m = -2407 - -2718. What is the tens digit of m?
1
Suppose w = -w + 4. Suppose 11 - 1 = w*k. Suppose k*s + 22 = 127. What is the tens digit of s?
2
Suppose s = -20*s + 42588. What is the tens digit of s?
2
Suppose -5*k = 4*o - k - 28, -2*k = -3*o - 4. Let u be (-20)/8 - o/4. What is the tens digit of (-2)/u*(2 - -16)?
1
Let m = -25 + 1092. What is the thousands digit of m?
1
Let p(l) = 16*l**3 + 6*l**2 - 1. Let h(v) = 17*v**3 + 5*v**2 - 1. Let o(m) = -4*h(m) + 3*p(m). Let b be o(-1). Let f = 16 + b. What is the tens digit of f?
3
Let d(v) = v + 11. Let z be d(16). Suppose -2*t + 9*c - 4*c = -4, 3*t = -3*c + z. What is the units digit of t?
7
Let l(w) = w**3 + 33*w**2 + 47*w - 65. What is the units digit of l(-31)?
0
Suppose -4 = -3*j + 2*j. Suppose 5*r = -j*m + m - 17, -r = m + 3. What is the units digit of m?
1
Let a(z) = -z**2 + 12*z + 13. Let u be ((-2)/3)/((-8)/156). Let d be a(u). Suppose 0 = -3*p - d*p + 45. What is the units digit of p?
5
Let a(o) = -o**2. Let l(z) = z**2 + 3*z - 7. Let j(b) = -2*a(b) - l(b). Let w be ((-16)/20 + -1)/((-12)/40). What is the units digit of j(w)?
5
Let l(x) = -3*x - 16. Let a be l(-7). Suppose 5*y - 50 = -0*y + a*i, -16 = -y - i. What is the tens digit of y?
1
Let n(f) = -f + 6. Let x be n(6). Suppose -t - 9 = y - 6*t, x = t. What is the tens digit of 3/y*(-57 + 0)?
1
Let w be (-6)/(-4)*(-44)/(-33). Suppose 6 = g - w. Suppose -5*a + 17 = -2*v, -3*a - 3*v - 13 = -g*a. What is the units digit of a?
5
Let k(s) = 44*s**3 + 3*s**2 - 7*s + 4. What is the tens digit of k(1)?
4
Suppose -678 = -7*o + 5*o + 3*m, 0 = 3*o + m - 1028. What is the hundreds digit of o?
3
Let l = -312 + 700. What is the hundreds digit of l?
3
Suppose 0 = 4*k - 3*x + 53, -9 + 28 = -k - 5*x. Let v(c) = -2*c**3 - 27*c**2 + 6*c - 18. What is the tens digit of v(k)?
9
Let p = -581 + 1075. What is the hundreds digit of p?
4
Let a(f) = 2*f - 2. Let r be a(7). Let k be (-8)/(-3)*r/8. Suppose -41 = -k*z + 11. What is the units digit of z?
3
Suppose 0 = 7*b - 5*b - 10. Suppose 0 = b*p - 3*i - 84 + 1, p - 17 = i. Let o = p + -15. What is the units digit of o?
1
Let u(s) = -s. Let m(x) = -13*x**2 + 3*x - 4. Let g(z) = -m(z) + u(z). What is the units digit of g(2)?
8
Suppose 0 = 4*c - 6*c + 5284. What is the tens digit of c?
4
Let r = 0 - -4. Let q(f) = -3 - r + 14 - 2*f. What is the units digit of q(0)?
7
Suppose 19*z - 6897 - 6859 = 0. What is the hundreds digit of z?
7
Let m(p) = -25*p - 6 + 4*p - 8*p. What is the hundreds digit of m(-4)?
1
Suppose -o - 7320 = -2*l, -2*l - 12*o + 7320 = -16*o. What is the hundreds digit of l?
6
Let g = -95 + 70. What is the tens digit of (-3485)/g + 2 + (-4)/10?
4
Suppose w = 6*w + 45. Let t(p) = p + 19. What is the tens digit of t(w)?
1
Let c(l) = l**3 + l - 2. Let t be c(2). Let n(d) = 12 + t*d - d**3 + 3*d + 8*d - 7*d**2 - 13*d. What is the tens digit of n(-8)?
2
Suppose 0 = -4*v + 4*b - 28, -5*b + 25 = -5*v + 2*v. Let n(t) = t**2 + 5*t + 5. Let p be n(v). Let q = p - -15. What is the units digit of q?
0
Let g(a) = 25*a + 14. Let j be g(-4). Let q = -33 - j. What is the units digit of q?
3
Let i(c) = -5*c**3 - 49*c**2 + 13*c + 2. What is the hundreds digit of i(-11)?
5
Suppose -246 = -6*u + 588. Suppose -141*h + u*h = -594. What is the hundreds digit of h?
2
Let i = -4 - -3. Let p = -1 - i. Suppose -3*m + 5*l + 94 = p, 0 = m + 3*l - 8 - 0. What is the units digit of m?
3
Suppose -51*w + 106526 = -2*w. What is the tens digit of w?
7
Suppose 2*t - 5*t + 576 = 0. Let g = -124 + t. What is the units digit of g?
8
Let d = -47 - -43. What is the tens digit of ((-118)/d)/(3/6)?
5
What is the tens digit of -4*(0 - (102 - 5))?
8
Suppose -4*w + 8 = 4*f, 0 = -w - 0*w - 1. Suppose -f*i + i = -10. Suppose -j - 6 = -5*k + 24, -2*k + 12 = -i*j. What is the units digit of k?
6
What is the tens digit of (-3)/(-1*(-12)/(-12988))?
4
What is the hundreds digit of (-30)/(-6) - (6 + -596)?
5
Let s(c) = c**3 + 20*c**2 - 24*c + 21. Let w be s(-21). Let a = w - 65. What is the units digit of a?
9
Let c = 939 - 496. What is the units digit of c?
3
Let z(d) = d**2 - 4*d - 8. Let f be z(5). What is the tens digit of (f - -4)/((-4)/(-328))?
8
Suppose -55 = -4*g + 33. Let b(o) = -g + o**2 + o + 0*o + 2*o. What is the tens digit of b(-9)?
3
Suppose -11032 = -68*m + 40*m. What is the tens digit of m?
9
What is the units digit of (5 - 4)*1409 - (-7 - -10)?
6
Suppose 3852 = m - 5*r, 2*m + 7769 = 4*m + 3*r. What is the units digit of m?
7
Suppose 2*g = -5*c + 26, -7*c + 3*c + 7 = -3*g. Suppose 4*m - 6 = g*m. Suppose -m*l = -l - 135. What is the units digit of l?
7
Let w = 16 + -24. Let n = w - -13. What is the units digit of n?
5
Suppose -4*y = 5*k - 46 - 23, -2*k + 27 = y. Let s(b) = 3*b + 3. What is the tens digit of s(k)?
4
Suppose y - 170 = -3*b, -2*b = -7*y + 8*y - 115. Suppose 14*m + b = 4605. What is the hundreds digit of m?
3
Let i(l) = l - 11. Let m = 14 + -7. Suppose m = -y + 20. What is the units digit of i(y)?
2
Let s(x) = x**3 - 14*x**2 - 19*x + 38. What is the hundreds digit of s(18)?
9
Let i(x) = -x**2 + 142*x - 61. What is the hundreds digit of i(45)?
3
Suppose 74*a + 15939 = 83*a. What is the thousands digit of a?
1
Suppose -7*k - 603 = -862. What is the units digit of k?
7
Suppose -3*s + 9287 = 5*t, -5*t = -313*s + 310*s + 9307. What is the tens digit of s?
9
Let i = -46 + 45. Let q(c) = -77*c + 3. What is the units digit of q(i)?
0
Suppose -j - 1503 = -4*j. Suppose -11*c + j + 346 = 0. What is the units digit of c?
7
Let z(y) = y + 1. Let m = 33 - 29. What is the units digit of z(m)?
5
